1 - (-2360)/3?
False
Let z = -6069 + 13397. Is (2/6)/(-1) + z/96 a multiple of 21?
False
Let r(w) = 5*w**2 + 4*w. Let f be r(-1). Is f*-88*(-40)/16 a multiple of 11?
True
Suppose 4*c - 9*c = -50. Suppose -c*z = -15*z + 400. Is z a multiple of 20?
True
Let r(g) = -5*g**3 + 17*g**2 + 37. Let p(y) = -y**3 + 4*y**2 + 9. Let a(q) = -9*p(q) + 2*r(q). Let b be a(-3). Suppose -b*j + 6 = -6. Is j a multiple of 3?
True
Is 88 a factor of 152*((-343)/(-14) + -10)?
False
Let j = 96 + -146. Let t = 58 + j. Is t even?
True
Let i = 187 - -422. Is 45 a factor of i?
False
Suppose 2*i - 8 = 0, n + 4*i - 60 = -3*n. Let s = 22 - n. Is s a multiple of 11?
True
Suppose -j + c + 728 = 0, -5*j = -2*c - 2896 - 747. Is j a multiple of 21?
False
Let i = 552 - 368. Is 46 a factor of i?
True
Suppose 7*i - 15 = 2*i. Suppose -323 = n - 325. Suppose -n*u = -u + i*q - 11, -2*u + 2*q + 30 = 0. Does 7 divide u?
True
Suppose 3*z = 13 - 1. Let j(u) = -4*u + 2*u + 3 - z*u - 6*u. Is j(-2) a multiple of 27?
True
Suppose 3*b = 24 - 9. Suppose -405 = -5*n - b*t, -t - 369 = -5*n + 12. Suppose -4*k - 5*h + 0*h = -75, 3*h = -4*k + n. Is k a multiple of 7?
False
Let y(g) = g**2 + 10*g - 7. Suppose t + 2 + 9 = 0. Does 2 divide y(t)?
True
Let f = -34 - -45. Is 3 a factor of f?
False
Let a = -29 - -42. Suppose -20 = 5*z - 5*m, 2*m = 4*z + 9 + 3. Let u = a - z. Does 15 divide u?
True
Let y = -8 - -7. Let u be y/(-3 - -4) - -5. Suppose 4*v + 0*v - u*s = 48, -20 = -v + 5*s. Is v a multiple of 10?
True
Is 215 - ((-50)/(-5))/(-4 - -6) even?
True
Suppose 3*x + 4*m - 5 = 0, -2*x + 9 + 0 = -3*m. Let h(w) = -w**3 + 11*w**2 - 6*w + 2. Is 14 a factor of h(x)?
True
Suppose 19 = 5*a - 2*k, -a + 2*k - 3 = -2. Suppose -a*r - c = 4, -2*c - 3*c - 20 = r. Suppose r = 3*t - 7*t + 296. Is t a multiple of 10?
False
Let w(o) = 3*o + 2. Let x be w(3). Let z be (6/(-12))/(1/12). Let s = x + z. Does 2 divide s?
False
Suppose -39 = -c + 3*i, 4*c - 5*i - 232 = -83. Suppose -2*l + c - 16 = 0. Is l a multiple of 2?
True
Is 12*10/(-60)*(-909)/6 a multiple of 9?
False
Let g(k) = 3*k**2 - 2*k - 126. Is 5 a factor of g(10)?
False
Suppose -q + 595 = -2*c, -9*q + 2*q + 4129 = -5*c. Is 82 a factor of q?
False
Suppose -3*t + 2*a + 975 = -316, -417 = -t + 4*a. Does 13 divide t?
False
Is (-1302)/84*(-25 - 1) a multiple of 5?
False
Let k(q) = 12*q**2 + q - 1. Let g be k(1). Let y = g + 128. Is y a multiple of 28?
True
Let a = -477 + 833. Is 20 a factor of a?
False
Let l(n) = -n**3 + 8*n**2 - 4*n - 5. Let v be l(7). Suppose -u = -5*r - 91, -5*u + 319 = 5*r - v. Is 11 a factor of u?
False
Let i be (3 - 4)/(2/14). Let b(y) = y**3 + 8*y**2 + 7*y + 4. Let s be b(i). Suppose s = o - 4. Is o a multiple of 4?
True
Suppose -z + 4*k + 20 = -11, -137 = -5*z + 2*k. Suppose -2*f + 39 + 27 = -4*q, -5*f + 57 = -4*q. Let d = q + z. Is d a multiple of 8?
False
Let k = -446 + 1092. Is 5 a factor of k?
False
Suppose 0 = -3*a + 4*a + 5*x - 42, -126 = -3*a + 5*x. Is 6 a factor of a?
True
Suppose -3*k = -2216 - 1582. Suppose 0 = 4*x - 10*x + k. Is 22 a factor of x?
False
Let h(v) be the first derivative of -v**3/3 - 6*v**2 + v + 3. Let n be h(-9). Does 12 divide 1799/n + 2/(-8)?
False
Let o be (-1 - (-1030)/(-6))/(62/(-93)). Is 22 a factor of o/7 + -2 + -1 + 0?
False
Let j be ((-5)/(-2))/(2/4). Let u be (2/j)/((-2)/20). Is 2 a factor of (-7)/((-14)/16) + u?
True
Is 5 + 2 - (-1218)/2 a multiple of 28?
True
Suppose 143 + 457 = -15*v. Does 12 divide (16/v)/(2/(-1010))?
False
Let h(p) = 2*p - 3. Let g be h(4). Suppose -3*z = -g*z + 148. Does 22 divide z?
False
Let q = 253 + -195. Is 7 a factor of q?
False
Let d = 432 + -340. Does 8 divide d?
False
Let v be (0 + -1)/((10/98)/5). Does 2 divide (-6 - 308/v) + (-103)/(-7)?
False
Let c(x) be the first derivative of x - 49 + 54 - 4*x**4 + 0*x**4. Is 17 a factor of c(-1)?
True
Let u(l) = -l + 36. Let m be u(0). Does 12 divide (50/6)/5*m?
True
Let h be ((-45)/(-25))/(9/15). Suppose h*l + l = 2*u + 256, 0 = -u. Does 26 divide l?
False
Let j(v) = -v**3 + 8*v**2 - 5*v - 24. Let m be j(6). Let u = 70 - m. Is 52 a factor of u?
True
Let p(c) = 2*c**3 + c**2 - c. Let h be p(1). Let r(m) = 0 - 2 + 17*m - 25*m + 19*m. Does 9 divide r(h)?
False
Let l = 12 + 38. Let j = -84 + l. Let i = j + 60. Is i a multiple of 5?
False
Suppose 10*z + 150 = 11*z. Let f = -102 + z. Does 24 divide f?
True
Suppose -274 = -2*u + 2*w + 86, -4*u - 4*w = -712. Is u a multiple of 3?
False
Suppose 4*d - 21 = 3*d. Let c = d - 19. Let a(b) = 6*b**3 - 2*b**2 - 1. Is a(c) a multiple of 13?
True
Does 13 divide (11/(-2))/(35/(-3640))?
True
Let p be (28/(-8))/(3/6). Let r = -5 - p. Is 6 a factor of r/8 - 46/(-8)?
True
Suppose 546*q = 557*q - 5907. Does 11 divide q?
False
Let u(b) = b**2 - 5*b - 4. Let f be u(6). Suppose -2*v = 0, 2*v + v - 252 = -f*t. Let a = -57 + t. Is 23 a factor of a?
True
Let r be 2*41 - (0 - 3). Suppose -p + 2*p = 0. Suppose p = -0*n - 5*n + r. Is 17 a factor of n?
True
Suppose -19 = -3*p + 11. Suppose -3*w - 4*j + 174 = p, 3*w + 3*j - 159 = 0. Is w a multiple of 12?
True
Let l(j) = 3*j**3 + 0 + 5*j - 6*j**2 + 2*j**3 - 4*j**3 - 2*j**3 - 1. Let y(z) = z**3 + z**2 - 3*z + 2. Let i be y(-3). Does 2 divide l(i)?
False
Suppose -45 = -t - 9. Suppose -2*x - 2*x + t = 0. Let l(n) = -n**3 + 8*n**2 + 11*n - 5. Is l(x) a multiple of 6?
False
Does 5 divide (39 - 4)*5/(-25)*-3?
False
Let k be 15/10 - (-402)/4. Suppose -5*m + k = 3*y, -y = 2*m - 23 - 18. Is m a multiple of 18?
False
Let o = 3 - 1. Suppose 4*d = 20, -2*d + 5 = r - o. Is 13 a factor of 4 + r - (2 - 66)?
True
Suppose 0 = 3*a + 2*y - 1703, 852 + 850 = 3*a + y. Is 81 a factor of a?
True
Is 15 a factor of -2 + -1 + (20/(-2) - -190)?
False
Let t be 6*(3 + (-5)/2). Let n be (1 - 2)/(t/51). Let b = n - -36. Is 10 a factor of b?
False
Let b(y) = -y**3 + 8*y**2 + 9*y + 2. Let p be b(9). Suppose p*j + 4*r - 8 = 0, -6 + 4 = -2*r. Suppose 2*n = 3*v - 7*v + 86, -2*n - 58 = -j*v. Does 8 divide v?
True
Suppose 2 + 3 = -5*d, -5*i + 5*d = -1125. Is 9 a factor of i?
False
Let q be 35/11 + (-2)/11 + -1. Suppose -33 = -r - 3*j, -2*j - 102 = -q*r + j. Is 7 a factor of r?
False
Suppose 5*j = 93 + 537. Suppose 0 = i - 4*i + j. Is i a multiple of 23?
False
Let b be 0*(-2 + 3/2). Let w(y) = 25 + 2 + 4 - 5 + y**2. Does 15 divide w(b)?
False
Suppose -4*c + 3 = -1, -5*f + c = -44. Is 8 a factor of -3 - (-1029)/f - (-6)/9?
True
Let v(y) = 6*y + 13 - 14 - y**3 - 6*y**2 - 16*y. Is v(-5) a multiple of 4?
True
Suppose -4*g = p + 4, -5*g - 12 = -10*g + 3*p. Is 3/((-4)/368*-4 + g) a multiple of 23?
True
Suppose -2*l - 2*g = 346, -l - 169 = 2*g - 0*g. Let y = l + 258. Does 10 divide y?
False
Let s(m) = -7*m + 63. Does 27 divide s(-18)?
True
Suppose 2*c - 7 = -5*h, -2*h + 13 = -2*c - 1. Suppose 2*g + h = -11. Let t(x) = -x**2 - 11*x - 6. Does 11 divide t(g)?
True
Suppose -s + 4*r = -56, 10 = 3*s - r - 136. Is 2 a factor of s?
True
Let s = -25 + 30. Suppose 2*c - 15 = -s. Suppose 3*y - g - 78 = -5*g, c*g = -4*y + 105. Is y a multiple of 24?
False
Suppose -4*z - 296 = -2*f, 3*z = 4*f + 5*z - 572. Is f a multiple of 18?
True
Let g be (-12)/(-15)*(10/(-4))/(-1). Is 11 a factor of -11*(30 + -5)*g/(-5)?
True
Let b(j) = 113*j**2 - 2*j + 1. Does 29 divide b(-1)?
True
Suppose -163 - 851 = -3*r. Suppose 2*w + 72 + r = 4*t, -297 = -3*t - 2*w. Is 17 a factor of t?
False
Let l(j) = -7*j**3 - 10*j**2 - 12*j - 5. Let t(h) = 3*h**3 + 5*h**2 + 6*h + 2. Let b(n) = -2*l(n) - 5*t(n). Is b(-5) a multiple of 5?
True
Suppose 3*b + 1600 = 8749. Is b a multiple of 16?
False
Let j = -5 - -8. Suppose -o - 10 = -v, -14 = j*v - 4*v + 2*o. Is 10 a factor of (v/(-4))/((-6)/264)?
False
Suppose 0*h - 4*h - p + 130 = 0, p = 2. Suppose -h*k + 476 = -28*k. Is 17 a factor of k?
True
Let t(m) = 3 - 7*m**2 + m - 3*m**2 + 15*m**2. Is t(2) a multiple of 7?
False
Does 35 divide (-25)/15 - 5800/(-15)?
True
Let r(n) = 86*n + 92. Does 65 divide r(8)?
True
Let v = 26 + 56. Suppose -k = -3*k - 5*w + v, -2*k = -3*w - 50. Suppose 5*y = k + 4. Is 2 a factor of y?
False
Let f(c) = -c**3 + 4*c**2 + 2*c - 1. Let o be f(6). Let q(a) = -22*a**2 - 2*a - 1. Let y be q(2). Let m = o - y. Does 8 divide m?
True
Let u(o) = -28*o - 139. Is 10 a factor of u(-8)?
False
Let w(p) = -6*p**3 + p**2 + 2*p + 1. Let z be w(-1). Let i = z - 1. Does 7 divide -3 - (-23 - (2 - i))?
False